 c(-4)?
3
Let o = -43337 + 73448. What is the thousands digit of o?
0
Suppose 5*b + 19 = -2*d, 5*d - 5*b - 4 - 1 = 0. Let r be ((3 + -4)*5)/d*2. Suppose 0 = 5*l + z - 118, -r*l + 0*l = -z - 122. What is the units digit of l?
4
Let h(j) = 48*j**2 - 153*j - 4367. What is the hundreds digit of h(-27)?
7
What is the thousands digit of 20429 - -14 - (-15 - -18)?
0
Suppose 7*l - 122923 = -4*u + 8*l, -5 = -5*l. What is the tens digit of u?
3
Let f be ((-10)/6 - 1)*(-2382)/8. Suppose -59 = -3*g - 5*i + f, -4*g + 1109 = i. What is the units digit of g?
6
Let f be 8/20 + (-159)/(-15). Let j be 2 + f/(11/14). Suppose 484 = 3*q + o + j, -o = q - 154. What is the hundreds digit of q?
1
Suppose -9 = -m + 12. Let u = 95 - m. Suppose -w + u = w. What is the units digit of w?
7
Let v(l) be the third derivative of l**6/120 + 4*l**5/15 - l**4/8 - 11*l**3/3 - 5*l**2 + 161*l. Let b be (-46)/3 - (-2)/6. What is the units digit of v(b)?
8
Let p be 560/(-6)*(33/6 + 8). Let i = -885 - p. What is the tens digit of i?
7
Let x = -10 + 62. Let y = 90 - x. What is the tens digit of y?
3
Suppose 16*j - 92 = 20. Suppose 6*r = -2*h + j*r + 938, 5*h + 3*r - 2367 = 0. What is the tens digit of h?
7
What is the hundreds digit of 182*300 + (-15)/3*(76 - 75)?
5
Let f(t) = 67*t**3 + 35*t**2 + 24*t - 77. What is the tens digit of f(7)?
8
Let y(a) be the second derivative of a**3 - 9/2*a**2 + 1/12*a**4 + 0 + 6*a. What is the units digit of y(-14)?
3
Let g(w) = -2*w**3 + 19*w**2 - 8*w - 3. Let y(f) = -f**2 - 5*f + 3. Let a be y(-3). What is the units digit of g(a)?
6
Let r(z) = -141*z + 4. Let q(w) = -w**2 + 25*w - 44. Let u be q(23). Suppose -7*t = -9*t - u. What is the tens digit of r(t)?
4
Let t be (-2 - 0)/((-1760)/100 - -18). Suppose 5*i + 4*q = -161, 4*q = -2*i - i - 95. Let p = t - i. What is the units digit of p?
8
Suppose w = 9*x - 13*x + 18, -5*w = 2*x - 18. Suppose 0 = -4*g - 3*d + 3464, 8*g + 1754 = 10*g - x*d. What is the tens digit of g?
6
Let s = -4721 - -9231. Suppose 1261*o = 1256*o + s. What is the tens digit of o?
0
Let h = -96 - -94. Let l be ((-8)/(-3) + h)/(22/1089). Let y = l + 64. What is the tens digit of y?
9
Let y = 517 + -527. What is the thousands digit of 5*(-1)/y*2174?
1
Suppose 0*v + 5*t + 1 = -3*v, -2*v - 2*t - 2 = 0. What is the tens digit of 5127/9 + 1/(1 - v)?
7
Let n(w) = -101*w - 6. Suppose 0 = -5*a - 2*p - 5, -p = a - 0*p - 2. What is the units digit of n(a)?
7
Suppose -4*q - 4*d + 105471 + 255621 = 0, -90297 = -q + 2*d. What is the ten thousands digit of q?
9
Let q be 392380/90 - 2*4/(-36). Suppose 0 = -4*x - 3*f + q, 2*x + x - 4*f = 3245. What is the thousands digit of x?
1
Suppose 0 = 107*c - 1308856 - 1596515. What is the hundreds digit of c?
1
Suppose 0 = n - 3*f - 6, -4*f + 11 = -3*n + 8*n. Suppose -175 = -n*v + 389. What is the tens digit of v?
8
Suppose x + 3 = -0*l + 5*l, -3*x + 9 = 3*l. Suppose -5*t = 5*n - n - 1303, 5*n - x*t - 1604 = 0. What is the units digit of n?
2
Let i = -31476 - -122270. What is the thousands digit of i?
0
Let j = 620 - 609. Suppose 0 = j*y - 22*y + 7040. What is the units digit of y?
0
Suppose 5*i + 0*i = 2*o - 133, o - i = 74. What is the units digit of (-11)/(-88) + o*(-27)/(-24)?
9
What is the ten thousands digit of -7 + 51465/5 + -3 + 8?
1
What is the ten thousands digit of (-6193159)/(-126) - (-67)/(-1206)?
4
Suppose 2*i = -4*m - 16, 2*i - m + 8 = -3. What is the units digit of -3*((-5015)/51 - (-4)/i)?
7
Suppose 2*v + 4*a = -5110, 0 = v + 3*a - 876 + 3430. What is the hundreds digit of ((-6)/(-12) - 1)*(1 + v)?
2
Let u = -58 + 77. What is the units digit of (u - 49)*1/(-3)*4?
0
Suppose -4*p + 81008 = -3*h, -6*h + h + 60814 = 3*p. What is the thousands digit of p?
0
Suppose 0 = -7*b + 241 + 67. Let f = b + 72. Let i = f - 0. What is the hundreds digit of i?
1
Let s = 2089 - 917. Let p = -676 + s. What is the hundreds digit of p?
4
Suppose 3*j + 50 = 5*j. Let a be (2 - 1)*(11 - j). Let u(r) = -19*r - 31. What is the tens digit of u(a)?
3
Suppose -5*i = -2*d + 307, -2*i - 217 - 498 = -5*d. Let z = 220 - d. Let t = 150 - z. What is the units digit of t?
1
Let h = 23 + -12. Let o = -12 + 2. Let u = o + h. What is the units digit of u?
1
Let m = 355 + -316. Suppose -3*z = -0*z - 174. Let k = z - m. What is the units digit of k?
9
Let c(o) = 5*o**3 + 185*o**2 - 40*o - 21. What is the thousands digit of c(-36)?
7
Suppose -5*y + 10 = -0*b - 2*b, 4*b = 20. Let f = -2604 - -2608. Suppose -y*v - 521 = -3*w, 7 = -f*v - 1. What is the tens digit of w?
7
Let o(y) = 642*y**2 + 547*y + 2721. What is the ten thousands digit of o(-5)?
1
Let l = 49 - 45. Suppose 3*t - 5*g + 262 = 0, 9*g - l*g + 208 = -2*t. Let y = t + 124. What is the units digit of y?
0
Suppose a = -6, -2901*a + 2897*a - 178432 = -4*y. What is the hundreds digit of y?
6
Let t(h) = h**3 - h**2 - 17*h + 55. Let d be t(0). Suppose -56*l + 379 = -d*l. What is the tens digit of l?
7
Suppose h + 3*d + 17 = -26, -4*h + d - 211 = 0. Let x = 57 + h. Suppose -x*b - 7 = -237. What is the tens digit of b?
4
Suppose -61*m + 6 = -63*m, 3*o = -4*m + 68364. What is the units digit of o?
2
Let n be (-4)/8*10*(-253)/55. Suppose -5820 = -n*z + 3*z. What is the units digit of z?
1
Suppose 4*r = -2*o + 3*o + 16, -3*r + 3*o + 21 = 0. Suppose -3*f = -2*y + 285 - 1636, -r*f - 2*y + 1367 = 0. What is the tens digit of f?
5
Let n(s) = s**2 + 21*s + 68. Let d be n(-17). Suppose d = -3*a - 2*u + 183, 5*a - 2*u = 2*a + 183. What is the tens digit of a?
6
Let p = 571 + 5290. What is the hundreds digit of p?
8
Suppose -26*b - 60033 = -45*b + 77774. What is the hundreds digit of b?
2
Suppose 0 = -w - 5 + 32. Let q = -12 + w. Let v = 32 + q. What is the tens digit of v?
4
Let p be 1760/(-66) - (-4)/(-3). Let h(k) = -7*k - 6 + 15 + 0. What is the units digit of h(p)?
5
Let k(f) = 7*f - 36. Let v(h) = 6*h - 26. Let c be v(5). Let s(a) = -13*a + 71. Let d(n) = c*s(n) + 7*k(n). What is the tens digit of d(0)?
3
Let h = 222 - 222. Suppose h = 3*x - 98 - 217. What is the tens digit of x?
0
Let s = 18 - 16. Let t be (-5)/((-20)/76) - (0 - s). Let n = -17 + t. What is the units digit of n?
4
Let i = 3083 + -1751. Let l = -896 + i. What is the tens digit of l?
3
Suppose l - w = -0*l, 0 = 5*l + 3*w + 24. Let t = 135 + l. Let s = t - 78. What is the tens digit of s?
5
What is the ten thousands digit of (431530/495)/((-4)/(-54))?
1
Let l(f) = -82*f. Let o be (-28)/70*(1 - -4). Let s be l(o). Suppose 0 = -2*z - 8, s = 2*v + 2*z - 3*z. What is the units digit of v?
0
Let x = 44574 - 17166. What is the ten thousands digit of x?
2
Suppose 0 = -20654*t + 20625*t + 988291. What is the ten thousands digit of t?
3
Suppose 403*b - 156*b - 6701313 - 10943132 = 0. What is the ten thousands digit of b?
7
Let j be 1/(2 + -4)*2 + -17. What is the thousands digit of 2 - -8*(-2439)/j?
1
Suppose 0 = -3*h - c - 2*c + 15, 5*c = -2*h + 7. Let p(v) = 2*v**2 - 19*v + 77. What is the units digit of p(h)?
5
Suppose -k = 2*a - 43439, 2*a - 71008 + 288095 = 5*k. What is the tens digit of k?
2
Let i be 14/(-119) + 27291/(-102)*-2. Suppose -3*b = -2*b + 5*y - 542, i = b - 2*y. What is the units digit of b?
7
Suppose 8*d - 49 - 95 = 0. Suppose -d = -5*v - 2*j, -1 = 2*j + 1. Suppose -3 = -o - v*t + 135, -2*t + 282 = 2*o. What is the units digit of o?
2
Suppose 13*p = 12 + 14. Suppose -4*j = -c + 308, 0 + 10 = p*j. What is the hundreds digit of c?
3
Let i(c) = -c**3 - 9*c**2 - 12*c - 28. Suppose 15 = y + 17. Let s be (y*2)/(28/(-8) - -4). What is the units digit of i(s)?
4
Suppose 39*p - 37*p = 658. Suppose -3*v + 79 = -p. What is the units digit of v?
6
What is the ten thousands digit of 50930 - 153 - (0 + 12)?
5
Let p(h) = 155*h**2 + 110*h - 403. What is the hundreds digit of p(-11)?
1
Suppose 3*r = -4*k + 36073, 9506 = r + k - 2519. What is the ten thousands digit of r?
1
Let c(i) = 3*i**3 - 11*i**2 - 3*i - 22. Let t(f) = f**2. Let b(o) = -c(o) - 5*t(o). What is the tens digit of b(-5)?
3
Let j be 6/2*1/((-15)/(-10)). Let t(g) = g + g - 12*g + j*g + 9*g**2 - 4. What is the tens digit of t(5)?
8
Suppose -45*w = -37*w - 93802 - 207174. What is the thousands digit of w?
7
Let c(a) = -2*a**3 + 16*a**2 + a - 4. Let l be (36/(-42))/((-3)/28). Let f be c(l). Suppose -f*t + 394 - 94 = 0. What is the units digit of t?
5
Let g be 6 -